{"id":2076,"date":"2020-02-27T00:33:51","date_gmt":"2020-02-26T23:33:51","guid":{"rendered":"https:\/\/collectifpleinlavue.org\/?page_id=2076"},"modified":"2020-06-24T10:04:54","modified_gmt":"2020-06-24T08:04:54","slug":"elections-2020-2","status":"publish","type":"page","link":"https:\/\/collectifpleinlavue.org\/index.php\/elections-2020-2\/","title":{"rendered":"\u00c9lections 2020"},"content":{"rendered":"\n<div class=\"wp-block-themeisle-blocks-advanced-columns has-1-columns has-desktop-equal-layout has-tablet-equal-layout has-mobile-equal-layout has-default-gap has-vertical-unset\" id=\"wp-block-themeisle-blocks-advanced-columns-f6fd11cc\"><div class=\"wp-block-themeisle-blocks-advanced-columns-overlay\"><\/div><div class=\"innerblocks-wrap\">\n<div class=\"wp-block-themeisle-blocks-advanced-column\" id=\"wp-block-themeisle-blocks-advanced-column-2af9fa03\">\n<p style=\"font-size:24px\" class=\"has-text-align-center\"><strong>La publicit\u00e9 envahit nos villes : <\/strong><br><strong>Comment les candidats sur le territoire de la M\u00e9tropole de Lyon envisagent-ils de nous prot\u00e9ger ?<\/strong><\/p>\n\n\n\n<p><strong>Le Collectif Plein La Vue et R\u00e9sistance \u00e0 l\u2019Agression Publicitaire &#8211; Lyon ont consult\u00e9 les candidats t\u00eate de liste \u00e0 la M\u00e9tropole de Lyon et de dix communes parmi les plus importantes du territoire sur leur programme en mati\u00e8re de protection du cadre de vie.<\/strong> Cette d\u00e9marche a pour objectif de rappeler que les futurs \u00e9lus auront des d\u00e9cisions \u00e0 prendre en la mati\u00e8re et ensuite d\u2019informer les \u00e9lecteurs des propositions des candidats. A la M\u00e9tropole de Lyon, Bruno Bernard et Nathalie Perrin-Gilbert se distinguent par des programmes ambitieux pour la protection du cadre de vie.<\/p>\n\n\n\n<p>Des candidats se sont pench\u00e9s sur la question de la publicit\u00e9 dans chacune des communes interrog\u00e9es et pour la M\u00e9tropole. Nous avons obtenu des r\u00e9ponses de 28 candidats sur 56 consult\u00e9s, soit un candidat sur deux. <strong>Une offre politique existe donc en la mati\u00e8re sur l\u2019ensemble de ces territoires.<\/strong> On regrette cependant que tous les candidats n\u2019aient pas abord\u00e9 la question dans leurs programmes ou pris le temps de nous r\u00e9pondre compte-tenu de l\u2019\u00e9mergence ces deux derni\u00e8res ann\u00e9es de cette th\u00e9matique dans le d\u00e9bat public. L\u2019absence de position de ces candidats a \u00e9t\u00e9 consid\u00e9r\u00e9.<\/p>\n\n\n\n<p><\/p>\n\n\n\n<p>=> <em><a href=\"https:\/\/collectifpleinlavue.org\/index.php\/demarche-et-bilan-global\/\">D\u00e9marche et bilan global<\/a><\/em> (1er tour)<\/p>\n\n\n\n<p>=> <em><a href=\"https:\/\/collectifpleinlavue.org\/index.php\/les-candidats-a-la-metropole-de-lyon\/\">Les r\u00e9sultats pour la M\u00e9tropole de Lyon<\/a><\/em> (1er tour)<\/p>\n\n\n\n<p>=> <em><a href=\"https:\/\/collectifpleinlavue.org\/index.php\/des-candidats-favorables-a-la-reduction-de-la-pression-publicitaire-dans-chacune-des-10-principales-communes-de-la-metropole\/\">R\u00e9sultats par commune<\/a><\/em> (1er tour) : Lyon, Villeurbanne, Oullins, Caluire-et-Cuire, V\u00e9nissieux, Vaulx-en-Velin, Bron, D\u00e9cines-Charpieu, Rillieux-la-Pape, Saint-Priest<\/p>\n<\/div>\n<\/div><\/div>\n","protected":false},"excerpt":{"rendered":"","protected":false},"author":2,"featured_media":93,"parent":0,"menu_order":0,"comment_status":"closed","ping_status":"closed","template":"","meta":{"footnotes":""},"class_list":["post-2076","page","type-page","status-publish","has-post-thumbnail","hentry"],"blocksy_meta":[],"_links":{"self":[{"href":"https:\/\/collectifpleinlavue.org\/index.php\/wp-json\/wp\/v2\/pages\/2076","targetHints":{"allow":["GET"]}}],"collection":[{"href":"https:\/\/collectifpleinlavue.org\/index.php\/wp-json\/wp\/v2\/pages"}],"about":[{"href":"https:\/\/collectifpleinlavue.org\/index.php\/wp-json\/wp\/v2\/types\/page"}],"author":[{"embeddable":true,"href":"https:\/\/collectifpleinlavue.org\/index.php\/wp-json\/wp\/v2\/users\/2"}],"replies":[{"embeddable":true,"href":"https:\/\/collectifpleinlavue.org\/index.php\/wp-json\/wp\/v2\/comments?post=2076"}],"version-history":[{"count":10,"href":"https:\/\/collectifpleinlavue.org\/index.php\/wp-json\/wp\/v2\/pages\/2076\/revisions"}],"predecessor-version":[{"id":2278,"href":"https:\/\/collectifpleinlavue.org\/index.php\/wp-json\/wp\/v2\/pages\/2076\/revisions\/2278"}],"wp:featuredmedia":[{"embeddable":true,"href":"https:\/\/collectifpleinlavue.org\/index.php\/wp-json\/wp\/v2\/media\/93"}],"wp:attachment":[{"href":"https:\/\/collectifpleinlavue.org\/index.php\/wp-json\/wp\/v2\/media?parent=2076"}],"curies":[{"name":"wp","href":"https:\/\/api.w.org\/{rel}","templated":true}]}}