{"id":173,"date":"2018-01-17T16:46:23","date_gmt":"2018-01-17T15:46:23","guid":{"rendered":"http:\/\/collectifpleinlavue.org\/?page_id=173"},"modified":"2020-04-22T15:21:41","modified_gmt":"2020-04-22T13:21:41","slug":"argumentaire","status":"publish","type":"page","link":"https:\/\/collectifpleinlavue.org\/index.php\/argumentaire\/","title":{"rendered":"Argumentaire"},"content":{"rendered":"<h3><strong>Vers une diminution de la pression publicitaire\u00a0: oui, mais pour quelles raisons ? <\/strong><\/h3>\n<h4><strong>Les publicit\u00e9s dans l&rsquo;espace public :<\/strong><\/h4>\n<p><span style=\"font-weight: 400;\"><strong>\u2026 sont de plus en plus agressives.<\/strong> Il y a vingt ans, on ne trouvait encore que des panneaux fixes pr\u00e9sentant une simple publicit\u00e9 en papier. Puis arriv\u00e8rent les panneaux lumineux d\u00e9filants. Au tour \u00e0 pr\u00e9sent des \u00e9crans num\u00e9riques, d\u00e9j\u00e0 dans les m\u00e9tros et dans quelques villes du Grand Lyon&#8230; bient\u00f4t, des publicit\u00e9s au sol\u00a0? <\/span><\/p>\n<p><span style=\"font-weight: 400;\"><strong>\u2026 sont en surnombre.<\/strong> Nous recevons en moyenne entre 1200 et 2200 messages publicitaires par jour. Or, s\u2019il demeure possible d\u2019\u00e9teindre sa t\u00e9l\u00e9vision ou d\u2019installer des bloqueurs sur son ordinateur, il est impossible d\u2019\u00e9chapper aux panneaux plac\u00e9s dans la rue. Si l\u2019on parle beaucoup de la libert\u00e9 d\u2019expression, qu\u2019en est-il de la libert\u00e9 de r\u00e9ception\u00a0?<\/span><\/p>\n<p><span style=\"font-weight: 400;\"><strong>\u2026 repr\u00e9sentent une incroyable d\u00e9pense d\u2019\u00e9nergie.<\/strong> Un panneau num\u00e9rique de 2 m\u00e8tres carr\u00e9 consomme 7\u00a0000 KWH \/ an, soit la consommation d\u2019un couple avec enfant. \u00c0 l\u2019heure o\u00f9 l\u2019on promeut les \u00e9conomies d\u2019\u00e9nergie, est-il vraiment n\u00e9cessaire d\u2019en consommer autant\u2026 pour \u00e9clairer la photo d\u2019une paire de baskets\u00a0?<\/span><\/p>\n<p><span style=\"font-weight: 400;\"><strong>\u2026 nous abrutissent, nous et nos enfants.<\/strong> Ils influencent nos go\u00fbts, nos besoins, utilisent pour cela des proc\u00e9d\u00e9s de plus en plus sophistiqu\u00e9s inspir\u00e9s des neurosciences. Conscient de l\u2019effet abusif de la publicit\u00e9, l\u2019Etat vient d\u2019ailleurs de limiter la publicit\u00e9 pour les enfants sur les chaines publiques, suivant en cela d\u2019autres pays europ\u00e9ens comme l\u2019Espagne, la Su\u00e8de, ou la Grande-Bretagne, jugeant notamment qu\u2019elle encourage des pr\u00e9f\u00e9rences alimentaires nocives pour la sant\u00e9 ainsi qu\u2019une d\u00e9pendance aux marques.<\/span><\/p>\n<p><span style=\"font-weight: 400;\">\u2026 <strong>v\u00e9hiculent tous les clich\u00e9s possibles :<\/strong> repr\u00e9sentations sexistes, avec des femmes \u00e9cervel\u00e9es, soumises, ou en position d\u2019objets sexuels. Ils promeuvent \u00e9galement une image de la beaut\u00e9 f\u00e9minine qui a des cons\u00e9quences r\u00e9elles pour des jeunes filles pouss\u00e9es vers l\u2019anorexie.<\/span><\/p>\n<p><span style=\"font-weight: 400;\"><strong>\u2026 constituent une agression lumineuse.<\/strong> Les \u00e9crans vid\u00e9o num\u00e9riques \u00e0 base de LEDs \u00e9mettent une partie importante de leur flux lumineux dans la partie bleue du spectre, ce qui est particuli\u00e8rement nocif en termes d\u2019impact environnemental avec des cons\u00e9quences av\u00e9r\u00e9es sur la sant\u00e9 humaine et les esp\u00e8ces animales<\/span><\/p>\n<p><span style=\"font-weight: 400;\"><strong>\u2026 font l\u2019apologie de la soci\u00e9t\u00e9 de consommation.<\/strong> En cr\u00e9ant des besoins, elle incite \u00e0 acheter, toujours, encore, cr\u00e9ant sciemment la frustration. Elle constitue donc clairement une entrave au bonheur. <\/span><\/p>\n<p><span style=\"font-weight: 400;\"><strong>\u2026 nuisent aux petits commer\u00e7ants.<\/strong> En effet, seules 0,0002 % des entreprises fran\u00e7aises monopolisent 80 % des publicit\u00e9s, donc les petits commer\u00e7ants sont tr\u00e8s peu concern\u00e9s. D\u2019ailleurs, nous ne voyons pas souvent l&rsquo;\u00e9picerie, le restaurant de quartier ou l\u2019artisan du coin sur ces panneaux (Insee et rapport Bump).<\/span><\/p>\n<p><span style=\"font-weight: 400;\"><strong>&#8230; ne rapportent en d\u00e9finitive quasiment rien \u00e0 la ville.<\/strong> 0,1% : c&rsquo;est la part qu&rsquo;aurait repr\u00e9sent\u00e9 dans le budget de la ville de Grenoble le contrat entre l&rsquo;afficheur et la ville en 2015, qui n&rsquo;a en d\u00e9finitive pas \u00e9t\u00e9 sign\u00e9. Cette redevance oscille g\u00e9n\u00e9ralement entre 0,1% et 0,5% du budget de fonctionnement des communes. Avec l&rsquo;arriv\u00e9e massive des publicit\u00e9s sur internet ou dans les journaux gratuits, les contrats pour l&rsquo;affichage public sont orient\u00e9s \u00e0 la baisse. <\/span><\/p>\n<p><span style=\"font-weight: 400;\"><strong>\u2026 constituent une pollution esth\u00e9tique.<\/strong> Les \u00e9lus de tous bords vantent la beaut\u00e9 de la ville de Lyon et de notre r\u00e9gion \u2013 Lyon est une ville r\u00e9pertori\u00e9e par l\u2019Unesco -, cherchent \u00e0 embellir leurs territoires, mais autorisent ces publicit\u00e9s hideuses. Un peu de coh\u00e9rence serait souhaitable<\/span><\/p>\n<p><span style=\"font-weight: 400;\"><strong>\u2026 constituent une pollution lumineuse.<\/strong> A titre d\u2019exemple, une \u00e9tude r\u00e9cente a montr\u00e9 qu\u2019\u00e0 Paris la contribution du mobilier urbain \u00e9clair\u00e9 (dont la plus grande partie supporte de la publicit\u00e9) \u00e0 la pollution lumineuse suffit \u00e0 elle seule \u00e0 \u00ab \u00e9teindre \u00bb le ciel de Paris. Bien au-del\u00e0 de l\u2019aspect romantique des \u00e9toiles, les cons\u00e9quences pour la faune ont \u00e9t\u00e9 d\u00e9montr\u00e9es.<\/span><\/p>\n<p><span style=\"font-weight: 400;\"><strong>&#8230; ne doivent JAMAIS arriver sur \u00e9crans vid\u00e9o !<\/strong> Le RLPI doit en effet valider l&rsquo;arriv\u00e9e des \u00e9crans num\u00e9riques dans les rues du Grand Lyon. Mais, d\u00e9j\u00e0 pr\u00e9sents dans le m\u00e9tro et les gares, ces panneaux rassemblent tout ce qu&rsquo;il y a de plus n\u00e9faste dans l&rsquo;affichage publicitaire. Ils ne sont pas seulement \u00e9blouissants et anim\u00e9s, mais ils forcent l&rsquo;attention des passants en utilisant nos r\u00e9flexes reptiliens. Ils sont bien plus \u00e9nergivores que les panneaux lumineux. Ils provoquent une surcharge cognitive qui entraine stress et fatigue. Ils banalisent les \u00e9crans et ont des effets d\u00e9l\u00e9t\u00e8res sur les enfants. Ils sont con\u00e7us pour cibler les consommateurs individuels et donc s&rsquo;introduire dans la vie priv\u00e9e, constituant une entrave aux libert\u00e9s. Non aux panneaux num\u00e9riques dans l&rsquo;espace public !<\/span><span style=\"font-weight: 400;\"><span><strong><\/strong><\/span><\/span><\/p>\n<p><span style=\"font-weight: 400;\"><strong>Vous \u00eates d&rsquo;accord avec certains de ces arguments et souhaitez le faire savoir ? C&rsquo;est le moment de participer \u00e0 la concertation publique sur le RLPI : \u00e9crivez au Grand Lyon : <\/strong><\/span><a href=\"http:\/\/pleinlavue.frama.io\/generateur-d-email\/\" title=\"\u00e9crire au Grand Lyon\" class=\"btn btn-primary btn-lg btn-right no-js-color\" target=\"_blank\" rel=\"noopener noreferrer\">\u00e9crire au Grand Lyon<\/a><\/p>\n","protected":false},"excerpt":{"rendered":"<p>Vers une diminution de la pression publicitaire\u00a0: oui, mais pour quelles raisons ? Les publicit\u00e9s dans l&rsquo;espace public : \u2026 sont de plus en plus agressives. Il y a vingt ans, on ne trouvait encore que des panneaux fixes pr\u00e9sentant une simple publicit\u00e9 en papier. Puis arriv\u00e8rent les panneaux lumineux d\u00e9filants. Au tour \u00e0 pr\u00e9sent [&hellip;]<\/p>\n","protected":false},"author":1,"featured_media":0,"parent":0,"menu_order":0,"comment_status":"closed","ping_status":"closed","template":"","meta":{"footnotes":""},"class_list":["post-173","page","type-page","status-publish","hentry"],"blocksy_meta":[],"_links":{"self":[{"href":"https:\/\/collectifpleinlavue.org\/index.php\/wp-json\/wp\/v2\/pages\/173","targetHints":{"allow":["GET"]}}],"collection":[{"href":"https:\/\/collectifpleinlavue.org\/index.php\/wp-json\/wp\/v2\/pages"}],"about":[{"href":"https:\/\/collectifpleinlavue.org\/index.php\/wp-json\/wp\/v2\/types\/page"}],"author":[{"embeddable":true,"href":"https:\/\/collectifpleinlavue.org\/index.php\/wp-json\/wp\/v2\/users\/1"}],"replies":[{"embeddable":true,"href":"https:\/\/collectifpleinlavue.org\/index.php\/wp-json\/wp\/v2\/comments?post=173"}],"version-history":[{"count":24,"href":"https:\/\/collectifpleinlavue.org\/index.php\/wp-json\/wp\/v2\/pages\/173\/revisions"}],"predecessor-version":[{"id":2258,"href":"https:\/\/collectifpleinlavue.org\/index.php\/wp-json\/wp\/v2\/pages\/173\/revisions\/2258"}],"wp:attachment":[{"href":"https:\/\/collectifpleinlavue.org\/index.php\/wp-json\/wp\/v2\/media?parent=173"}],"curies":[{"name":"wp","href":"https:\/\/api.w.org\/{rel}","templated":true}]}}